u**2 - 2*u + 2. Let m be d(0). Suppose -15 = m*w - 65. What are the prime factors of w?
5
Suppose -5*a - n = -9, 5*n - 18 = -3*a + 5*a. Suppose -5*j = -4*j - 2. Suppose 2*o + 22 = j*k, 29 = 2*k - 5*o + a. What are the prime factors of k?
3
What are the prime factors of ((-8)/(-3))/(((-2)/(-45))/1)?
2, 3, 5
Let y = -23 - -26. Suppose y*h - 66 = 72. List the prime factors of h.
2, 23
Let c(q) = -q**3 + 4*q**2 + 7*q + 2. Let l = -11 + 7. Let b = 1 - l. What are the prime factors of c(b)?
2, 3
Let x be (0 - -2)/(4/6). Suppose -3*s + 5*v - 19 = 0, 7*v + 20 = -2*s + x*v. Let p = -6 - s. List the prime factors of p.
2
List the prime factors of -1 + 1659/15 + 8/20.
2, 5, 11
Let z(l) = l**2 + 4*l + 3. Let n be z(-4). Suppose -n = -3*d + 3. Suppose -2*y - 2*y - 3*f = -59, -d*y = f - 27. What are the prime factors of y?
11
Let s be (-1 - 2) + 9 + -8. Let p = 3 - s. List the prime factors of p.
5
Let t = 7 + 3. Suppose -3*k = -k - t. List the prime factors of k.
5
Suppose -4*f + 8 = 0, -4*i + 4*f = i + 8. Suppose 0 = -4*j + 5*o + 73, i = 3*o - 4 + 19. What are the prime factors of j?
2, 3
Suppose 2*j + 20 = 7*j. Suppose -j*h + 16 = -2*h + m, 5*m = 2*h - 40. What are the prime factors of h?
2, 5
Suppose 2*x + 4*u = 22, 5*x - 7*u + 2*u = 10. Suppose 0 = -x*q + 1 + 9. Suppose 4 = -0*v + v, 0 = q*b - 2*v - 10. List the prime factors of b.
3
Let c = -43 + 71. Suppose 6*z + c = 10*z. List the prime factors of z.
7
Let j(c) = 24*c + 17. What are the prime factors of j(10)?
257
Let o(d) = d + 11. Let x be o(-8). Suppose k - x = -0*k. Suppose -7 = -q + k. What are the prime factors of q?
2, 5
Let m be 0*(-2 - (-3)/2). Let b be (m - -2) + 42/(-1). What are the prime factors of (b/15)/((-4)/6)?
2
Let w be -4 - (2 + -2)/1. What are the prime factors of 2/(w - -2) - -13?
2, 3
Suppose 3*m - 1 = 8. Suppose l + m = 27. Suppose -2*d + 3*d = 2*x - 6, -d + l = 4*x. What are the prime factors of d?
2
Let y be -18*(-1 + (-6)/(-4)). Let r = y + 22. List the prime factors of r.
13
Suppose 67 = 5*l + 3*u, l + 2*u + 16 = 2*l. List the prime factors of l.
2, 7
Let o(d) be the first derivative of -6*d**2 - 10*d - 8. What are the prime factors of o(-4)?
2, 19
Let g be (440/14)/((-10)/(-175)). List the prime factors of ((-8)/(-10))/(20/g).
2, 11
Let k be (2/(-5))/((-6)/30). Suppose -2*y + 5*w - k*w + 24 = 0, -4*y + 4*w + 44 = 0. What are the prime factors of y?
3
Let a be 0 - (6/(-2) + 2). What are the prime factors of a + 4/(-2) + 23?
2, 11
Suppose 227 = l - 3*f, -4*l - 3*f + 442 + 436 = 0. List the prime factors of l.
13, 17
Suppose -v = 4*o - 144, 2*o - 180 = -3*o + 5*v. What are the prime factors of o?
2, 3
Let p(z) = 4*z - 18. Let s be p(8). Suppose 0 = -9*c + 2*c + s. What are the prime factors of c?
2
Let h(b) = 3*b**2 - b + 2. Suppose -4*s = 4*z + 16, 8*z - 3*z = 5*s + 60. Let y = 10 + s. What are the prime factors of h(y)?
2, 3
Suppose 3*b - 8*b = -15. List the prime factors of (-396)/(-16) - b/4.
2, 3
Let b be (5/(-3))/(2/6). Let v = b - -17. What are the prime factors of v?
2, 3
Let f be 1*(1/1 - 1). Suppose 4*r + 64 = 4*m - 8, 5*m + 3*r - 98 = f. List the prime factors of m.
19
Let r = -23 - -58. Let j = 49 - r. List the prime factors of j.
2, 7
Suppose 3*m - o - 82 = 0, -m + 16 = 2*o - 9. List the prime factors of m.
3
What are the prime factors of -44*-1*12/16?
3, 11
Let r(l) = -l - 2. Let t be r(-2). Suppose 5*o - 10 = -p, t*o + 3*o - 13 = -2*p. What are the prime factors of p?
5
Let i(x) = x**2 + 8. Let n be i(0). Let g be ((-4)/(-6))/(n/924). Suppose -3*b + 43 = 2*t, 0 = -5*t - 5*b + g + 23. List the prime factors of t.
17
Suppose -1 + 4 = 3*y. Let c = y + 3. List the prime factors of 1/2 + 6/c.
2
Let y(w) = 4*w**3 + 8*w**2 + 11*w + 2. Let t(j) = -9*j**3 - 16*j**2 - 23*j - 3. Let m(n) = -3*t(n) - 7*y(n). What are the prime factors of m(-7)?
2
Let b(r) = r**3 + 295. List the prime factors of b(0).
5, 59
Let a(z) = z**2 - z - 3. Let w be a(3). Suppose w*k = 5*k + 8. Let o = 18 - k. What are the prime factors of o?
2, 11
Let g(p) = -p - 2 + 3 + 4 + p**2. Let w be g(0). Suppose -2*r - 2*r = h + 18, -5*h + 35 = -w*r. What are the prime factors of h?
2
Let j(m) = -m**2 - 9*m - 3. Let w be j(-6). Suppose -i = 2*i - 90. Suppose w = 5*c - i. List the prime factors of c.
3
Let i be (5 + 0)*(-2)/5. List the prime factors of ((-2)/(-3))/(i/(-6)).
2
Let v(i) = -i**3 + 3*i + 3. Let n be v(-2). Suppose 2*t = -n*f + 94, 3 = -f - t + 23. What are the prime factors of f?
2, 3
Suppose -5*u + 9*u = 116. What are the prime factors of u?
29
Let s(i) = -i**2 + 11*i - 5. List the prime factors of s(9).
13
Suppose 5*r = 331 - 26. List the prime factors of r.
61
Suppose -2*g = -g + 5*f - 8, 4*g = 5*f + 82. Suppose l - 3*u + 20 = 0, 4*l - g = 3*u - 71. List the prime factors of (1 + l)*2/(-4).
5
Suppose -9 = -3*q, -5*p = -2*q - 0*q - 29. Let k(f) = -3*f - 34. Let a(s) = 4*s + 51. Let j(m) = 5*a(m) + 7*k(m). What are the prime factors of j(p)?
2, 5
Suppose 9*j - 4*j - 20 = 0. Suppose 4*k = g + 124, 2*k + 62 = j*k + 5*g. What are the prime factors of k?
31
Let a = -31 - -70. Let n = a - 19. Suppose -n = -4*u, -2*g + 2*u + 25 = 3*u. What are the prime factors of g?
2, 5
Let v = 77 - 38. List the prime factors of v.
3, 13
Suppose -5*p + 11 = -19. Suppose -2*f = -p*f + 4. Let d = f + 7. What are the prime factors of d?
2
What are the prime factors of 9/((-135)/(-320))*(-9)/(-4)?
2, 3
Let d = 9 + -5. Suppose -m + 4*h = 9 - 27, d*m + 3*h - 129 = 0. Suppose 5*v + 2*n = m, 3*n + 2*n - 25 = 0. List the prime factors of v.
2
Suppose z = s + 18, 5*z - 106 = -2*s - s. Suppose 6*a = 8*a - z. List the prime factors of a.
2, 5
Suppose -5*j = 8 + 12, -s - 2*j + 69 = 0. Let u = s + -44. List the prime factors of u.
3, 11
Suppose 11 - 1 = -5*q. Let u(v) = -v**2 - 1. Let l(s) = 6*s**2 + 2*s + 2. Let h(x) = l(x) + 2*u(x). List the prime factors of h(q).
2, 3
List the prime factors of 3*1 - (11 + -61).
53
Suppose -8*t + 12 = -4*t. What are the prime factors of (-56)/(-3) - t/(-9)?
19
Let x(w) = -w**3 - 7*w**2 + 2*w + 9. Let q be x(-7). Let d = q - -12. Suppose d*b = 2*b + 25. List the prime factors of b.
5
List the prime factors of 0/(15/5) - -141.
3, 47
Suppose 2*p - 9 = 7. Let f = 13 - p. Suppose 3*n - 31 = f*x + 25, 3*n + 2*x - 28 = 0. What are the prime factors of n?
2, 3
What are the prime factors of 7/(28/48) + -4?
2
Suppose -11*y = -6*y - 265. What are the prime factors of y?
53
Suppose -5*h + i = -2*i - 406, -h = 5*i - 98. What are the prime factors of h?
83
Suppose 2*z = 4*z - 72. List the prime factors of z.
2, 3
Let f = -4 - -4. Suppose f = 3*a + 2*a - 40. Let d = a - 5. List the prime factors of d.
3
Suppose 5*t + 20 = 2*z, z + 0 = -2*t + 1. Suppose z*f = -0*f. List the prime factors of 18*(1 - (0 - f)).
2, 3
Let z(m) = -m - 1. List the prime factors of z(-11).
2, 5
Suppose -4*c - 3*u + 431 = 0, 3*c + 0*c - 297 = 3*u. List the prime factors of c.
2, 13
Suppose 3*i - 78 = f + 4*f, 4*i = 5*f + 79. Let v = f + 22. Suppose -4*l = -3*u + 17, 3*l + 8 = 3*u - v. List the prime factors of u.
3
Let m(h) = -h**2 + 7*h + 2. Let x be m(7). Let a = 2 + x. What are the prime factors of a?
2
Suppose y - 4*c = 6*y - 304, -8 = 2*c. List the prime factors of y.
2
Let l = 57 - -81. List the prime factors of l.
2, 3, 23
List the prime factors of 1*(-3 + 17) - -3.
17
Suppose 47 = 2*b - 27. Suppose -b - 56 = -3*a. What are the prime factors of a?
31
Suppose 2*i = 26 + 40. List the prime factors of i.
3, 11
Let q = 164 + -92. What are the prime factors of q?
2, 3
Suppose -26 = -u + 25. Let v = -35 + u. List the prime factors of v.
2
Suppose -3*l = -40 - 77. What are the prime factors of l?
3, 13
Let j(c) = c**3 + 7*c**2 - 8. Let y be j(-7). List the prime factors of (-3 - y)*-1*-2.
2, 5
Suppose -5*o = -3*p + 261, 0*o + o - 187 = -2*p. What are the prime factors of p?
2, 23
Suppose -16 = r - 5*r. Let q(f) = f + 1. Let b be q(r). Suppose -2*y = -4, -b*m + 6*y = y - 35. What are the prime factors of m?
3
Let u(x) be the first derivative of x**2/2 - 5*x + 3. Let m be u(7). List the prime factors of 6/(3/9*m).
3
Let f(p) = p + 5. What are the prime factors of f(5)?
2, 5
Suppose -5*d + 25 = 0, 0 = -3*b + 4*d + 29 + 50. Let i = b + 3. List the prime factors of i.
2, 3
List the prime factors of 2/5 + (-26)/20*-2.
3
Let r(u) be t